{"id":4452,"date":"2025-11-04T15:19:06","date_gmt":"2025-11-04T12:19:06","guid":{"rendered":"https:\/\/localveri.net\/abs\/?page_id=4452"},"modified":"2025-12-11T17:18:36","modified_gmt":"2025-12-11T14:18:36","slug":"ihtiyacini-belirle","status":"publish","type":"page","link":"https:\/\/localveri.net\/abs\/ihtiyacini-belirle\/","title":{"rendered":"\u0130htiyac\u0131n\u0131 Belirle!"},"content":{"rendered":"<div id='av_section_1'  class='avia-section av-88d184-d08bffaccf6cb64310386cb0336bde75 main_color avia-section-default avia-no-border-styling  avia-builder-el-0  avia-builder-el-no-sibling  avia-bg-style-scroll container_wrap fullsize'  ><div class='container av-section-cont-open' ><main  role=\"main\" itemprop=\"mainContentOfPage\"  class='template-page content  av-content-full alpha units'><div class='post-entry post-entry-type-page post-entry-4452'><div class='entry-content-wrapper clearfix'>\n\n<style type=\"text\/css\" data-created_by=\"avia_inline_auto\" id=\"style-css-av-41iv44-fb90e5450a91967b1810191b153fecb7\">\n.flex_column.av-41iv44-fb90e5450a91967b1810191b153fecb7{\npadding:0 20% 0 20%;\n}\n<\/style>\n<div  class='flex_column av-41iv44-fb90e5450a91967b1810191b153fecb7 av_one_full  avia-builder-el-1  avia-builder-el-no-sibling  first flex_column_div  '     ><\/div>\n","protected":false},"excerpt":{"rendered":"","protected":false},"author":1,"featured_media":0,"parent":0,"menu_order":0,"comment_status":"closed","ping_status":"closed","template":"","meta":{"footnotes":""},"class_list":["post-4452","page","type-page","status-publish","hentry"],"_links":{"self":[{"href":"https:\/\/localveri.net\/abs\/wp-json\/wp\/v2\/pages\/4452","targetHints":{"allow":["GET"]}}],"collection":[{"href":"https:\/\/localveri.net\/abs\/wp-json\/wp\/v2\/pages"}],"about":[{"href":"https:\/\/localveri.net\/abs\/wp-json\/wp\/v2\/types\/page"}],"author":[{"embeddable":true,"href":"https:\/\/localveri.net\/abs\/wp-json\/wp\/v2\/users\/1"}],"replies":[{"embeddable":true,"href":"https:\/\/localveri.net\/abs\/wp-json\/wp\/v2\/comments?post=4452"}],"version-history":[{"count":11,"href":"https:\/\/localveri.net\/abs\/wp-json\/wp\/v2\/pages\/4452\/revisions"}],"predecessor-version":[{"id":4965,"href":"https:\/\/localveri.net\/abs\/wp-json\/wp\/v2\/pages\/4452\/revisions\/4965"}],"wp:attachment":[{"href":"https:\/\/localveri.net\/abs\/wp-json\/wp\/v2\/media?parent=4452"}],"curies":[{"name":"wp","href":"https:\/\/api.w.org\/{rel}","templated":true}]}}